ghest common factor of 20 and 590.
10
Calculate the highest common factor of 9961 and 7.
7
What is the greatest common divisor of 37 and 629?
37
What is the highest common factor of 24 and 1896?
24
Calculate the highest common factor of 3961 and 3.
1
Calculate the greatest common divisor of 17 and 272.
17
What is the highest common divisor of 1000 and 2600?
200
What is the greatest common divisor of 40 and 64?
8
Calculate the greatest common divisor of 1360 and 128.
16
Calculate the greatest common factor of 399 and 38.
19
What is the highest common divisor of 435 and 6815?
145
What is the greatest common divisor of 15 and 380?
5
Calculate the greatest common divisor of 2025 and 27.
27
Calculate the highest common divisor of 187 and 3757.
17
Calculate the greatest common divisor of 5975 and 25.
25
What is the greatest common divisor of 270 and 20?
10
What is the highest common divisor of 654 and 6?
6
What is the highest common divisor of 108 and 1152?
36
What is the highest common factor of 10 and 190?
10
What is the highest common divisor of 184 and 782?
46
Calculate the highest common factor of 11 and 825.
11
Calculate the highest common divisor of 195 and 75.
15
Calculate the highest common factor of 95 and 19.
19
Calculate the highest common factor of 8 and 1348.
4
Calculate the greatest common divisor of 505 and 10.
5
Calculate the highest common divisor of 85759 and 191.
191
Calculate the greatest common factor of 371 and 3975.
53
Calculate the highest common factor of 40 and 820.
20
What is the greatest common divisor of 3 and 327?
3
Calculate the highest common factor of 1620 and 243.
81
What is the highest common divisor of 1784 and 224?
8
Calculate the greatest common factor of 105 and 203.
7
What is the greatest common factor of 80 and 64?
16
What is the highest common factor of 11532 and 108?
12
Calculate the greatest common factor of 471 and 18.
3
Calculate the greatest common divisor of 120 and 96.
24
What is the greatest common factor of 140 and 3000?
20
What is the greatest common factor of 7375 and 125?
125
Calculate the greatest common factor of 105 and 84.
21
What is the highest common factor of 133 and 28?
7
Calculate the greatest common factor of 74 and 370.
74
Calculate the greatest common factor of 6920 and 40.
40
Calculate the highest common factor of 70 and 590.
10
Calculate the highest common divisor of 91 and 2.
1
Calculate the greatest common factor of 24 and 3624.
24
Calculate the highest common factor of 1974 and 168.
42
What is the highest common divisor of 2552 and 16?
8
What is the greatest common divisor of 1664 and 52?
52
What is the highest common factor of 12869 and 17?
17
What is the highest common divisor of 3636 and 101?
101
Calculate the highest common factor of 1477 and 42.
7
What is the greatest common divisor of 2816 and 20?
4
What is the highest common factor of 905 and 4706?
181
What is the greatest common factor of 5008 and 16?
16
What is the greatest common factor of 200 and 23150?
50
Calculate the highest common divisor of 810 and 90.
90
Calculate the highest common factor of 236 and 28.
4
Calculate the highest common divisor of 1898 and 390.
26
Calculate the greatest common factor of 267 and 7387.
89
What is the highest common divisor of 62 and 8?
2
What is the greatest common factor of 203 and 77?
7
Calculate the greatest common factor of 781 and 71.
71
What is the highest common divisor of 23547 and 47?
47
Calculate the greatest common divisor of 2 and 1519.
1
What is the highest common divisor of 704 and 264?
88
What is the greatest common factor of 14 and 1246?
14
What is the highest common divisor of 2019 and 6?
3
What is the greatest common divisor of 3840 and 930?
30
Calculate the greatest common factor of 105 and 375.
15
What is the greatest common factor of 158 and 74?
2
Calculate the highest common factor of 315 and 126.
63
What is the greatest common factor of 979 and 11?
11
Calculate the greatest common factor of 2296 and 14.
14
What is the highest common factor of 79 and 27887?
79
What is the highest common divisor of 1101 and 25690?
367
Calculate the greatest common factor of 117 and 81.
9
Calculate the highest common factor of 356 and 4.
4
What is the greatest common divisor of 1506 and 4769?
251
Calculate the highest common divisor of 300 and 125.
25
Calculate the greatest common factor of 25 and 6800.
25
What is the highest common factor of 855 and 135?
45
What is the highest common divisor of 51 and 2567?
17
Calculate the greatest common factor of 1886 and 92.
46
Calculate the highest common factor of 62 and 12.
2
Calculate the highest common divisor of 1625 and 13.
13
What is the greatest common factor of 889 and 77?
7
What is the highest common divisor of 162 and 48?
6
Calculate the greatest common divisor of 4320 and 144.
144
What is the greatest common factor of 14 and 924?
14
Calculate the highest common factor of 48 and 816.
48
What is the greatest common factor of 5 and 340?
5
What is the greatest common divisor of 7 and 1687?
7
Calculate the highest common divisor of 41 and 20623.
41
What is the highest common divisor of 175 and 25?
25
What is the highest common divisor of 120 and 840?
120
What is the greatest common factor of 33 and 11517?
33
What is the greatest common divisor of 291 and 776?
97
What is the greatest common factor of 8 and 17704?
8
What is the highest common factor of 84 and 2982?
42
Calculate the highest common factor of 55 and 44.
11
Calculate the highest common factor of 2924 and 12.
4
Calculate the greatest common factor of 23 and 8303.
23
Calculate the greatest common divisor of 70155 and 45.
45
What is the highest common divisor of 51 and 15?
3
What is the highest common divisor of 14111 and 411?
137
What is the greatest common divisor of 180 and 330?
30
Calculate the highest common factor of 10 and 260.
10
Calculate the highest common factor of 1127 and 92.
23
What is the highest common divisor of 2234 and 6?
2
Calculate the highest common divisor of 95 and 5.
5
Calculate the highest common divisor of 352 and 16.
16
What is the highest common factor of 7123 and 102?
17
What is the highest common factor of 155 and 50?
5
Calculate the highest common factor of 265 and 15.
5
What is the greatest common factor of 2 and 397?
1
What is the highest common divisor of 344 and 301?
43
What is the highest common factor of 279 and 18?
9
Calculate the greatest common factor of 170 and 21590.
170
What is the greatest common divisor of 74 and 41662?
74
What is the greatest common factor of 25901 and 59?
59
What is the greatest common divisor of 46 and 34?
2
Calculate the greatest common factor of 7414 and 22.
22
Calculate the greatest common divisor of 96 and 12.
12
Calculate the highest common factor of 4272 and 16.
16
What is the greatest common factor of 4 and 32?
4
What is the highest common divisor of 1558 and 328?
82
What is the greatest common divisor of 28008 and 12?
12
Calculate the greatest common divisor of 1273 and 134.
67
What is the greatest common divisor of 67347 and 63?
63
What is the highest common factor of 12 and 588?
12
Calculate the greatest common divisor of 264 and 120.
24
What is the greatest common factor of 297 and 702?
27
Calculate the greatest common factor of 45 and 840.
15
What is the greatest common factor of 63 and 1029?
21
Calculate the greatest common factor of 183 and 6.
3
Calculate the highest common divisor of 7584 and 36.
12
What is the greatest common factor of 1457 and 62?
31
What is the greatest common factor of 555 and 17945?
185
What is the greatest common factor of 2275 and 182?
91
Calculate the greatest common factor of 94 and 25.
1
Calculate the greatest common factor of 689 and 13.
13
What is the highest common factor of 136 and 40?
8
Calculate the greatest common divisor of 847 and 605.
121
Calculate the highest common factor of 1988 and 168.
28
Calculate the greatest common divisor of 1600 and 25.
25
Calculate the greatest common divisor of 160 and 10040.
40
What is the greatest common divisor of 252 and 9660?
84
Calculate the greatest common factor of 330 and 3234.
66
Calculate the highest common divisor of 8811 and 11.
11
What is the highest common factor of 123 and 10086?
123
What is the greatest common